n 26 is divided by 25/(-20)*2*28/(-10)?
5
Let h = 204 + -145. What is the remainder when h is divided by 15?
14
Suppose -9*h + 20 = -7*h. Calculate the remainder when 18 is divided by h.
8
Let d be (10/(-6))/(15/(-18)). Calculate the remainder when (2*(4 + 13))/d is divided by 6.
5
Let f be (-9 - 1)/((-2)/8). Calculate the remainder when 57 is divided by ((-2)/(-4))/(1/f).
17
Let y(k) = -k**2 + 8*k + 13. Let w be y(9). Let n = w + 31. Let u = -17 + n. What is the remainder when 52 is divided by u?
16
Let x(a) = -8*a + 17. Calculate the remainder when 159 is divided by x(-3).
36
Let n(a) = a + 4. Let l be n(-4). Suppose 4*f + l*f - 244 = 0. Calculate the remainder when f is divided by (7/(-3))/1*-9.
19
Let q(s) = s**3 - 9*s**2 - 8*s - 8. What is the remainder when 40 is divided by q(10)?
4
Suppose 3*v + 9 = 5*q, -4*q + 0*v = 5*v - 22. Suppose -69 = -q*c - 12. Calculate the remainder when c is divided by 7.
5
Calculate the remainder when (-62)/(-1) - (3 - (4 - 1)) is divided by 21.
20
Suppose -j = j - 16. Let t = j + -1. What is the remainder when t is divided by (-2)/(-4) - 5/(-2)?
1
Let w = -40 + 110. What is the remainder when w is divided by 15?
10
Let f(w) = 4*w + 1. Let v be f(1). Let u(l) = -8*l + 6 + 6 - v*l**2 + 4*l**2. Calculate the remainder when 7 is divided by u(-9).
1
Let q be (-10)/1 - 0/8. Let m = 45 + q. Calculate the remainder when m is divided by 18.
17
Let w(m) = m**2 - 6*m + 5. Let s = 7 + -1. Let g be w(s). Suppose 3 - 28 = -g*r. What is the remainder when 8 is divided by r?
3
Let r = -54 + 67. Calculate the remainder when 50 is divided by r.
11
Let d = 9 - -1. Let h = 33 - 27. What is the remainder when d is divided by h?
4
Let o = -60 - -102. Suppose -z = 0, j + 4*z - 15 + 4 = 0. What is the remainder when o is divided by j?
9
Let m be ((-2)/(-2))/1 - 3. Let t = m - -13. Calculate the remainder when 19 is divided by t.
8
Suppose 4*h = -2*o - 12, -h - 5 = 5*o - 20. Let a be 0 + o + 4/2. What is the remainder when 11 is divided by 21/4 + a/8?
5
Let q = -52 - -64. What is the remainder when 20 is divided by q?
8
Suppose 5*a = 3*m, -3*m = -4*m + 5*a - 10. Calculate the remainder when 7 is divided by m.
2
Let v(z) = z + 15 - 4*z + 2*z. Let r(t) = t**3 - 2*t**2 - 4*t - 3. What is the remainder when r(4) is divided by v(8)?
6
Let g = -21 - -26. What is the remainder when g is divided by 2?
1
Suppose -h + 40 = -58. Calculate the remainder when h is divided by 26.
20
Let x = 17 + 17. What is the remainder when 99 is divided by x?
31
Suppose -4*m + g = -3*m - 50, 158 = 3*m - g. What is the remainder when 10 is divided by 12/20 + m/10?
4
Let o(c) = 3*c. Let p be o(-1). Let h(a) = -6*a + 4. Suppose 1 = -2*r - 3*q + 8, -5*r + 37 = q. Calculate the remainder when h(p) is divided by r.
6
Let l = -2 + -4. Let n = l - -13. Calculate the remainder when 25 is divided by n.
4
Suppose -w = -6*w + 15. Suppose -w*x = -39 + 6. Calculate the remainder when 29 is divided by x.
7
Suppose -4*j - 2 = -6. Calculate the remainder when 1/(-1) - (-9)/j is divided by 3.
2
Let y(p) = 2*p**2 - 9*p - 2. Let v be y(9). Let h = v + -42. What is the remainder when h is divided by 19?
18
Let u = 5 + -1. Calculate the remainder when 9 is divided by u.
1
Let c be -3*21/(-9) - 2. Calculate the remainder when 44 is divided by -45*(-2 + c/3).
14
Suppose 4*i + a - 71 = 120, 53 = i + 2*a. What is the remainder when i is divided by 13?
8
Suppose s = -s + 26. Let i = s - 5. What is the remainder when 22 is divided by i?
6
Let t = 52 - 32. Suppose n + 28 = 5*o - 135, 4*n + 58 = 2*o. Suppose 0 = 2*l + l - o. Calculate the remainder when t is divided by l.
9
Suppose 12 = -2*z - 42. Let p = 50 + z. Calculate the remainder when 66 is divided by p.
20
Suppose -2*n + 3*x + 20 = 0, 3*n - x - 50 = -n. Calculate the remainder when 50 is divided by n.
11
Let y = 40 + 90. Suppose 0 = 4*h - 4*d - 0*d - 280, 2*h + 3*d = y. What is the remainder when h is divided by 23?
22
Let p be (-78)/9*(-3)/2. Let h = p - 1. What is the remainder when 21 is divided by h?
9
Suppose 50 = -3*d + 299. Calculate the remainder when d is divided by 22.
17
Let d(u) = 5*u + 7. Calculate the remainder when 94 is divided by d(5).
30
Suppose -4*r + a = -24, 0 = -4*r + r + 2*a + 13. Let u(h) = 3*h - 6. What is the remainder when 29 is divided by u(r)?
14
Suppose 13*q - 228 + 33 = 0. Let p = -10 - -14. What is the remainder when q is divided by p?
3
Let m = -7 + 25. Let h = 23 + m. Calculate the remainder when h is divided by 21.
20
Let g(f) = 10*f**2 + 2*f - 1. Suppose -246 = -8*k + 2*k. What is the remainder when k is divided by g(1)?
8
Let l(c) = -7*c - 1. Let r(x) = -2*x**2 + 6*x - 3. Let p(o) = 3*o**2 - 7*o + 3. Let z(h) = 3*p(h) + 4*r(h). What is the remainder when z(6) is divided by l(-2)?
12
Suppose 2*p + 4*o - 94 = 0, 0*p = 5*p + 3*o - 207. What is the remainder when 76 is divided by p?
37
Let f(d) = 5*d**2 - 54*d + 57*d - 2*d**2 + 3 + 2*d**3. Let t be f(-2). Let q(v) = v**3 + 7*v**2 - 5*v - 6. What is the remainder when q(t) is divided by 16?
13
Let r(q) = q**2 - 2*q + 4 - 10 + 9*q. Let u be r(-8). Suppose -17 = -u*v + v. Calculate the remainder when v is divided by 9.
8
Suppose -41 = -8*z - 1. Calculate the remainder when 17 is divided by z.
2
Let d = 42 + -30. Let j = 22 - d. Suppose 0 = -2*b + l + 54, 8*l + 102 = 4*b + 3*l. Calculate the remainder when b is divided by j.
8
Suppose 4*c = 3*c + 20. Suppose o + 2*g = 11, -g + c = o - 2*g. Let l(p) = -6*p. What is the remainder when o is divided by l(-1)?
5
What is the remainder when 76 is divided by 2024/77 - (-4)/(-14)?
24
Suppose 37*n - 31*n = 408. What is the remainder when n is divided by 12?
8
What is the remainder when 39 is divided by 4/(18 - 2) + 35/4?
3
Let f(a) = -a**3 + 5*a**2 + 5*a + 5. Let b be f(6). Calculate the remainder when b/4 + (-18)/(-8) is divided by (-4)/(-3) + (-5)/15.
0
Suppose -2*j + 13 = -j. Let q(t) = t**2 - 12*t - 2. What is the remainder when 31 is divided by q(j)?
9
Suppose 2*s + 0*s = -18. What is the remainder when 21 is divided by 126/10 + s/15?
9
What is the remainder when -1*(0 + -5 - 152) is divided by 16?
13
Suppose 0 = -0*f - 2*f. Suppose 2*u + f*u - 2*k = 316, 5*u + k = 814. Suppose -2*v - v = -u. Calculate the remainder when v is divided by 28.
26
Suppose -3*y + 353 = 62. What is the remainder when y is divided by 25?
22
Suppose 2*r - r - 4 = 0. Suppose -4*i + r*q + 348 = 0, 10 = -i - 5*q + 127. Let n = i - 62. Calculate the remainder when n is divided by 16.
14
Let m = -20 + 38. What is the remainder when 53 is divided by m?
17
Let p(q) = -q + 28. Let y(w) = -w**2 - 8*w - 3. Let f be y(-7). Suppose -2*m + 16 + f = 0. What is the remainder when p(0) is divided by m?
8
Suppose v - 2*m + 54 = 2*v, -5*v - m + 225 = 0. Suppose 0 = 5*t - 10*t + 100. Let n = 43 - t. Calculate the remainder when v is divided by n.
21
Let k(c) = 2*c**2 - 3*c - 1. Calculate the remainder when 38 is divided by k(3).
6
Let a(j) = -2*j - 12. What is the remainder when 21 is divided by a(-12)?
9
Let s(x) = x**3 - 5*x**2 - 11*x + 1. Calculate the remainder when s(8) is divided by 22.
17
Let u = 56 - 51. Calculate the remainder when (-39)/(-2)*4/6 is divided by u.
3
Let s(r) = r**2 - 11*r + 1. Let l be s(11). Let z = -4 + 11. Suppose 0 = -5*p - 4*b + 88, l = 4*b - z. Calculate the remainder when 47 is divided by p.
15
Let j(m) = m + 21. What is the remainder when 21 is divided by j(-9)?
9
Suppose 4*i - 3 = 5*d - 5, -d + 6 = 2*i. Calculate the remainder when d is divided by 1.
0
Let n = 81 + -78. Let v(l) be the third derivative of l**5/15 - l**4/12 - l**3/6 - l**2. What is the remainder when v(n) is divided by 15?
14
Let u = -6 + 8. Let p = 0 + u. What is the remainder when 5 is divided by p?
1
Suppose 4 = 4*m + 2*b - 10, -2*m - 5*b = 13. Suppose 0 = -4*z - 5*c - 3 - m, 0 = 2*c + 2. What is the remainder when 12 is divided by 2 - ((-12)/3 + z)?
5
Let k(v) = -v + 4. Let n be k(4). Calculate the remainder when 2 + n + -3 + 17 is divided by 6.
4
Let m = 64 + -61. What is the remainder when m is divided by 2?
1
Let p = 8 + 9. What is the remainder when p is divided by (6/2)/(5/10)?
5
Let z be (5*2)/(7/28). Suppose -4*a = h + 2*h - 29, 5*a = -3*h + z. What is the remainder when 20 is divided by a?
9
Suppose -f + 0*f + 2 = 0. Suppose 0 = -r - f